 2529591?
3, 83, 10159
What are the prime factors of 5573644?
2, 479, 2909
What are the prime factors of 8793?
3, 977
List the prime factors of 940400.
2, 5, 2351
List the prime factors of 483022.
2, 241511
List the prime factors of 2384672.
2, 74521
What are the prime factors of 1322834?
2, 661417
List the prime factors of 2874189.
3, 958063
What are the prime factors of 549815?
5, 7, 23, 683
What are the prime factors of 20922858?
2, 3, 11, 251, 421
What are the prime factors of 20009226?
2, 3, 653, 5107
What are the prime factors of 18749?
18749
What are the prime factors of 2193609?
3, 11, 6043
List the prime factors of 782891.
782891
What are the prime factors of 17253884?
2, 4313471
List the prime factors of 3044618.
2, 1181, 1289
List the prime factors of 287080.
2, 5, 7177
List the prime factors of 1531517.
13, 117809
What are the prime factors of 4151533?
4151533
What are the prime factors of 61462?
2, 79, 389
What are the prime factors of 32780142?
2, 3, 491, 3709
What are the prime factors of 1977220?
2, 5, 7, 29, 487
What are the prime factors of 399309?
3, 133103
What are the prime factors of 2401455?
3, 5, 7, 22871
What are the prime factors of 2245680?
2, 3, 5, 3119
What are the prime factors of 14505174?
2, 3, 805843
List the prime factors of 1469834.
2, 31, 151, 157
List the prime factors of 312502.
2, 37, 41, 103
What are the prime factors of 1117485?
3, 5, 19, 1307
List the prime factors of 142109.
11, 12919
What are the prime factors of 108255?
3, 5, 7, 1031
List the prime factors of 8726893.
7, 43, 79, 367
List the prime factors of 3828805.
5, 59, 12979
What are the prime factors of 894380?
2, 5, 197, 227
List the prime factors of 286075.
5, 11443
List the prime factors of 1226087.
1226087
List the prime factors of 3652814.
2, 11, 23, 7219
What are the prime factors of 5189647?
379, 13693
What are the prime factors of 1356496?
2, 149, 569
What are the prime factors of 115057?
115057
What are the prime factors of 23540?
2, 5, 11, 107
What are the prime factors of 775903?
19, 97, 421
What are the prime factors of 14133?
3, 7, 673
What are the prime factors of 2528453?
31, 81563
What are the prime factors of 71891?
29, 37, 67
List the prime factors of 190600.
2, 5, 953
List the prime factors of 18486314.
2, 7, 11, 120041
What are the prime factors of 783508?
2, 11, 17807
What are the prime factors of 667872?
2, 3, 773
List the prime factors of 1840168.
2, 11, 1901
List the prime factors of 18067306.
2, 41, 220333
What are the prime factors of 730144?
2, 22817
List the prime factors of 800719.
29, 27611
List the prime factors of 1919648.
2, 239, 251
List the prime factors of 509845.
5, 7, 2081
What are the prime factors of 7686282?
2, 3, 1281047
What are the prime factors of 7218849?
3, 11, 23, 9511
What are the prime factors of 265167?
3, 7, 23, 61
What are the prime factors of 792940?
2, 5, 41, 967
What are the prime factors of 320426?
2, 131, 1223
What are the prime factors of 465272?
2, 19, 3061
List the prime factors of 16245433.
16245433
List the prime factors of 11159332.
2, 619, 4507
List the prime factors of 6319172.
2, 17, 19, 67, 73
List the prime factors of 3968085.
3, 5, 11, 24049
What are the prime factors of 11059?
11059
What are the prime factors of 905014?
2, 11, 31, 1327
What are the prime factors of 371505?
3, 5, 24767
What are the prime factors of 2609763?
3, 13, 61, 1097
List the prime factors of 16029006.
2, 3, 7, 331, 1153
List the prime factors of 723123.
3, 80347
List the prime factors of 3280206.
2, 3, 211, 2591
What are the prime factors of 361081?
7, 7369
List the prime factors of 1406092.
2, 157, 2239
What are the prime factors of 971508?
2, 3, 19, 4261
What are the prime factors of 9473785?
5, 1894757
List the prime factors of 21858451.
571, 38281
List the prime factors of 63306.
2, 3, 3517
What are the prime factors of 8090739?
3, 29, 10333
What are the prime factors of 489040?
2, 5, 6113
What are the prime factors of 4774946?
2, 11, 127, 1709
What are the prime factors of 16147675?
5, 645907
List the prime factors of 35293713.
3, 7, 13, 129281
What are the prime factors of 253248?
2, 3, 1319
What are the prime factors of 241113?
3, 179, 449
What are the prime factors of 2426781?
3, 7, 115561
What are the prime factors of 9112105?
5, 1163, 1567
List the prime factors of 792455.
5, 17, 9323
What are the prime factors of 13226676?
2, 3, 193, 5711
List the prime factors of 19107226.
2, 337, 28349
What are the prime factors of 2171815?
5, 434363
What are the prime factors of 403893?
3, 7, 2137
What are the prime factors of 1217446?
2, 107, 5689
What are the prime factors of 87560?
2, 5, 11, 199
What are the prime factors of 305952?
2, 3, 3187
List the prime factors of 1191733.
31, 37, 1039
What are the prime factors of 5358407?
5358407
List the prime factors of 13249696.
2, 414053
List the prime factors of 3545271.
3, 393919
What are the prime factors of 407706?
2, 3, 13, 5227
What are the prime factors of 1080768?
2, 3, 13, 433
What are the prime factors of 1095137?
31, 35327
What are the prime factors of 3974494?
2, 1987247
List the prime factors of 10519444.
2, 13, 89, 2273
What are the prime factors of 1708426?
2, 854213
What are the prime factors of 7200695?
5, 569, 2531
List the prime factors of 4597241.
11, 417931
List the prime factors of 4807487.
4807487
List the prime factors of 1020951.
3, 37813
List the prime factors of 1690685.
5, 338137
What are the prime factors of 355503?
3, 163, 727
What are the prime factors of 3983684?
2, 229, 4349
What are the prime factors of 6783400?
2, 5, 13, 2609
What are the prime factors of 8752625?
5, 7, 1429
List the prime factors of 169084.
2, 41, 1031
List the prime factors of 905396.
2, 151, 1499
List the prime factors of 5694437.
7, 251, 463
What are the prime factors of 3797399?
1693, 2243
What are the prime factors of 217133?
7, 31019
List the prime factors of 198517.
11, 18047
What are the prime factors of 219350?
2, 5, 41, 107
What are the prime factors of 422125?
5, 11, 307
What are the prime factors of 215858?
2, 37, 2917
List the prime factors of 20284488.
2, 3, 7, 167, 241
List the prime factors of 5730308.
2, 1432577
What are the prime factors of 14046843?
3, 47, 99623
List the prime factors of 1308829.
1308829
What are the prime factors of 1002346?
2, 501173
List the prime factors of 27613047.
3, 7, 11, 10867
List the prime factors of 1049575.
5, 41983
What are the prime factors of 937317?
3, 397, 787
What are the prime factors of 9645304?
2, 1205663
What are the prime factors of 1840630?
2, 5, 11, 29, 577
List the prime factors of 336890.
2, 5, 59, 571
What are the prime factors of 4248273?
3, 1187, 1193
List the prime factors of 672032.
2, 21001
What are the prime factors of 255181?
255181
List the prime factors of 2019425.
5, 80777
List the prime factors of 2535943.
37, 68539
What are the prime factors of 229575?
3, 5, 3061
List the prime factors of 21183.
3, 23, 307
What are the prime factors of 455273?
7, 13, 5003
List the prime factors of 4834472.
2, 604309
List the prime factors of 9834189.
3, 3278063
What are the prime factors of 678482?
2, 7, 48463
What are the prime factors of 28023?
3, 9341
List the prime factors of 394567.
229, 1723
What are the prime factors of 874815?
3, 5, 58321
List the prime factors of 1135217.
1135217
List the prime factors of 4105004.
2, 1026251
What are the prime factors of 9625?
5, 7, 11
List the prime factors of 39931694.
2, 11, 157, 1051
List the prime factors of 323537.
323537
What are the prime factors of 73797?
3, 17, 1447
List the prime factors of 361763.
361763
List the prime factors of 229921.
43, 5347
What are the prime factors of 5397739?
83, 65033
List the prime factors of 4876651.
13, 375127
What are the prime factors of 569859?
3, 41, 113
List the prime factors of 5637386.
2, 43, 65551
What are the prime factors of 223373?
139, 1607
List the prime factors of 1099825.
5, 29, 37, 41
List the prime factors of 17997774.
2, 3, 2999629
List the prime factors of 6989405.
5, 1397881
What are the prime factors of 1726088?
2, 7, 13, 2371
What are the prime factors of 4038410?
2, 5, 283, 1427
What are the prime factors of 1413031?
1413031
What are the prime factors of 58255?
5, 61, 191
List the pri